uppose 4*t - 16 = 0, 4*t + 2056 = 5*k + s*t. Suppose -4*x + k = 32. Is x a prime number?
False
Suppose 3*y = -5*m + 1, 2*y + y + 15 = 3*m. Suppose -3434 = -2*g - 2*a, -5*g - m*a = -5642 - 2943. Is g a composite number?
True
Is -11 - -136*1818/12 a prime number?
True
Let l be 8/14 + (-32294)/(-7). Is (-5)/2*(l/(-10) + 1) composite?
False
Suppose -4*p + 2*p = -i - 11556, 28887 = 5*p - 4*i. Is p composite?
False
Let w(a) = 144*a**2 - 4*a + 1. Is w(-4) composite?
True
Let q = 8780 - -5357. Is q a composite number?
True
Let x = -8 - -8. Let i = -3 - -34. Is i + x/(4/2) prime?
True
Suppose -9 - 31 = 2*y. Let f(x) = x**2 - 7*x - 5. Let c be f(11). Let u = c + y. Is u a prime number?
True
Suppose 2*c - 585 = -f, -4*c - 3*f + 1167 = -4*f. Let o = -174 + c. Is o prime?
False
Let g be ((-4 + 4)/(-3))/(-2). Let f(t) = t**3 - t**2 - 2*t - 248. Let v be f(g). Is -3 - (-9)/((-36)/v) a composite number?
False
Let t(l) = l**2 - 4*l. Let a be t(2). Let f = a - -4. Suppose 5*z - 170 - 575 = f. Is z a prime number?
True
Suppose w + 15*w = 48304. Is w prime?
True
Suppose -3486 - 17460 = -6*v. Is v prime?
True
Suppose 25*v = 5647 + 29278. Is v composite?
True
Let h(f) = f - 12. Let x be h(17). Let l(z) = 2*z**3 - 5*z**2 - 10*z + 7. Is l(x) a prime number?
False
Let u be 0*(2 + 3/(-1)). Suppose 3*o + 3 - 12 = u. Suppose 2*g = 4*r + 142, 0*g = -o*g - 4*r + 193. Is g a composite number?
False
Let i(y) be the first derivative of y**4 - y**3 + y**2 - 3*y - 4. Is i(2) prime?
False
Let u = 1871 - 430. Is u a prime number?
False
Suppose 11*o - 13*o = x - 51, -5*o = -2*x - 150. Suppose 0 = 3*r + 24 - 93. Suppose -635 = r*v - o*v. Is v composite?
False
Let h be (-1)/(((-2)/(-20)*2)/(-1)). Suppose 3*c - 12 = 0, l + h*c = 38 + 73. Is l composite?
True
Suppose 5*y - 5*q = 224635, 0*y + q - 134781 = -3*y. Is y a composite number?
False
Is 2/(-4)*1*-44404 + -1 composite?
True
Let r = -67 + 104. Is r composite?
False
Suppose -6*c + 57911 - 4025 = 0. Is c prime?
False
Let r(d) = 5614*d + 49. Is r(1) prime?
False
Suppose -3*g + 3*l + 26620 + 33074 = 0, -2*l = 2*g - 39792. Is g prime?
False
Let k = -1861 - -4674. Is k a prime number?
False
Suppose -b + 0*k = 5*k - 13844, 0 = -k + 3. Is b a prime number?
True
Suppose 14*p + 1672 = 18374. Is p composite?
False
Let t(v) = 19132*v + 335. Is t(3) composite?
False
Suppose 0 = 65*c - 67*c + 22478. Is c composite?
False
Is 14*((-53898)/12)/(-13) a prime number?
False
Suppose 0 = -8*m - 13 + 29. Suppose -m*f = -3*u + 1161, -4*u + 8*u = 5*f + 1541. Is u a composite number?
False
Let d(a) = 104*a**2 - 9*a - 2. Let q(s) = -52*s**2 + 5*s + 1. Let y(f) = -3*d(f) - 7*q(f). Is y(-2) composite?
False
Suppose 2 = -u + 18. Suppose u*j - 12*j - 24 = 0. Is j composite?
True
Let c(w) = -w**2 - 6*w + 10. Let n be c(-7). Suppose 0 = -3*t - 2*r + 67, -r - 4*r + 73 = n*t. Is 4/(-14) + 7965/t prime?
True
Let d(t) = -271*t + 82. Is d(-5) a composite number?
True
Let a(h) = -217*h**3 - 2. Is a(-5) a prime number?
False
Let x(w) = 140*w**2 + 32*w - 169. Is x(-18) a composite number?
True
Suppose -2*t + 2156 = -30684. Suppose -9*u + t = 6529. Is u a prime number?
False
Suppose -3*h + 41 = d, -8 - 7 = -5*h. Suppose -y = 6 - d. Is y a composite number?
True
Suppose -3*v + 11 = 2. Suppose 2*h + 2*i - 22 = 0, -v*i = -8*i + 20. Is (3 - h - -87)*1 composite?
False
Let w(s) = -s**2 - 2*s + 2. Let b be w(2). Is -1262*1/b*3 composite?
False
Let j be (-1267)/(-9) + (-4)/(-18). Let r = 815 - 757. Let h = j - r. Is h prime?
True
Let y be ((-4)/(-2))/(-2) - -1. Let h(o) = 2*o + 301. Is h(y) a prime number?
False
Suppose -3*i = 5*z - 240334, -2*z + 55*i = 58*i - 96139. Is z composite?
True
Suppose 3*o + 20 - 14 = 0. Let s(d) = -2 + 3 - 2*d + 24*d**2 - 4 + 0. Is s(o) a prime number?
True
Let o = -337 + 376. Is o a prime number?
False
Let h be (-3274)/(-4) + (-1)/2. Let g = 1339 - h. Is g prime?
True
Suppose -714398 - 85897 = -15*q. Is q prime?
True
Suppose 0 = 37*z - 38*z + 4. Suppose -4*d = -m - 24454, d - z*d + m + 18341 = 0. Is d a composite number?
False
Let j(z) = z**2 + 5*z - 2. Let o be j(-6). Suppose o*y - 19 = 61. Is (-16)/y*335/(-2) prime?
False
Let u(p) = p - 1. Let t be u(6). Let i be -53*1 - (5 - t). Let x = i + 106. Is x composite?
False
Let t(p) be the second derivative of -350*p**3/3 - 19*p**2/2 + 20*p. Is t(-2) a composite number?
False
Let i = 190 - 26. Suppose 0 = -4*l - i + 1752. Is l a composite number?
False
Suppose 10261 = 5*b + 2*j, 3 = -4*j - 5. Is b a prime number?
True
Suppose 0 = -2*a - 3*q + 20, 5*q = 2*a - 0*a + 12. Is 6/a*4/(-24)*-3812 a prime number?
True
Let c(r) = 140*r**2 + 3*r - 1. Let s be c(1). Is s + ((-18)/12)/((-1)/2) prime?
False
Suppose 0 = 4*d - 4871 - 15777. Suppose -d = -15*r + 1168. Is r a prime number?
False
Is 12/(-24)*907*(-6 + 0) a prime number?
False
Let j(l) = -4*l**3 - 13*l**2 + 34*l + 18. Let r be j(-16). Suppose 4*g + r = 14*g. Is g prime?
False
Let c be -20*(-4)/20*-153. Let j = c + 1061. Is j a composite number?
False
Let a be 4/(-26) - 49876/(-52). Let v = -174 + a. Is v prime?
False
Let d = -70 + 1509. Is d a prime number?
True
Let u(k) = 3 + 421*k - 1 + 618*k. Is u(1) a composite number?
True
Suppose -7*w + 31 = -4. Suppose -3*b - 764 = -w*b. Is b a composite number?
True
Let r be 44/10 - 10/25. Suppose -5*g + 0 - 1 = v, 0 = r*v + 4*g - 12. Is (-118)/(-3)*6/v a composite number?
False
Suppose -45*s + 48*s = 942. Let y(d) = -3*d**2 - 9*d + 9. Let c be y(6). Let g = s + c. Is g prime?
False
Let j(f) = 2*f**3 - 63*f**2 - 35*f - 137. Is j(41) composite?
False
Let b(y) = 27*y**2 - 4*y + 5. Let v(c) = -26*c**2 + 3*c - 6. Let l be -1*(0 - -1)*-3. Let u(s) = l*b(s) + 2*v(s). Is u(4) a prime number?
True
Let o = 13101 - 8652. Is o composite?
True
Let y = -119 + 123. Suppose 0 = -2*g + c + 1077, -y*g - 941 = -4*c - 3097. Is g composite?
True
Let g(u) = 1850*u**2 - 4*u + 5. Let a(n) = -2775*n**2 + 6*n - 8. Let d(s) = -5*a(s) - 7*g(s). Is d(-2) a prime number?
True
Suppose s + l - 2*l = 3, 3*s + l + 11 = 0. Let k be s/(3 + 7/(-3)). Let p(r) = -105*r - 8. Is p(k) composite?
False
Let l(k) = k + 370. Let n be l(0). Suppose 0*s + 2*t = s - n, -5*t - 1825 = -5*s. Suppose 2*o - s = -3*x, -4*x = x + 3*o - 601. Is x prime?
False
Let q be (-12)/((-63)/(-22) - 3). Suppose 268 = 4*c - q. Is c a composite number?
False
Is (-17)/(-51) + 32/(-6)*-8567 a prime number?
True
Let l(d) = d**2 - 6*d - 1. Let f be l(6). Let a(m) = 538*m**2 + m + 1. Let z be a(f). Suppose 3*q - z = 17. Is q a prime number?
False
Is (4 + 3)/(8/14216) prime?
False
Let n(p) = 49*p + 15. Let r be 1 - (0 - (12 - 0)). Let j be n(r). Suppose 4*l = 2*l - 4*b + 330, j = 4*l + 4*b. Is l composite?
True
Suppose -3*q - 2*p - 7355 = 0, -2*q - 3716 - 1190 = 4*p. Is q/6*(6 - 8) composite?
True
Let p(s) = -2*s**3 + 9*s + 17693. Is p(0) composite?
True
Let o = -1 - -4. Suppose 527 = o*r - 2*r. Suppose 4*k = -3*w + r, -4*w - 134 = -k - 7*w. Is k prime?
True
Let k(l) = -l**2 - 7*l - 2. Let s be k(-6). Suppose 3*z = -s*w + 963, 2*z - 248 + 6 = -w. Suppose g - 63 = -o, -3*o - 79 + w = -4*g. Is o composite?
False
Suppose -16 = l - 4. Let i = -22 - l. Is 4/i + 9222/30 a composite number?
False
Is 6/15*-5 + 909 composite?
False
Suppose -4*f + 10539 = t - 2168, -3*t = 15. Suppose f = 5*d + 683. Is d composite?
False
Let h(n) = n. Let m be h(12). Let b(j) = 3*j - 9*j - 4*j + m*j**2 - 4 - 2*j**3 + j**3. Is b(11) a composite number?
False
Is 48/(-384) + (-31506)/(-16) prime?
False
Is ((-3)/12)/(((-3)/35716)/3) a prime number?
True
Let o = 1408 + -736. Is o + (-1)/((-1)/1) composite?
False
Let q be (-16)/48*(1 - 1). Suppose -3*i - 595 = -z, 4*i + 598 = z - q*i. Is z a composite number?
True
Let c = 63 - 47. Suppose -c*x + 14*x + 1774 = 0. Is x composite?
False
Let p(a) be the second derivative of -40*a**3/3 - a**2/2 - 4*a. Suppose 0 = 3*z - 0 + 3. Is p(z) composite?
False
Let n = 75 - -533. Let y = n + 68. Let t = 1643 - y. Is t prime?
True
Let v(b) be the third derivative of -3*b**4/8 - b**3/2 - 21*b**2. Is v(-2) composite?
True
Suppose -g + y - 9 = 0, -4*y = -2*y. Let q(r) = -13*r - 3. Let o be q(g). Suppose 0 = -5*a + 2*a + o. Is a a prime number?
False
Let o = -95 - -107. Is (o/4)/((-3)/(-545)) a prime number?
False
Let h = 89 + -86. Is ((-1)/(-2))/(h*3/270) composite?
True
Suppose -3*f 